 + (-2)/((-10)/25) + -2. Suppose r*s - 318 = 276. What is the remainder when s is divided by 41?
34
Let v be 25/(-5)*2/(-5). Suppose -r - m + 25 = 0, 6*m + 38 = v*r + 5*m. What is the remainder when 69 is divided by r?
6
Suppose 0 = 9*n + 572 - 835 - 1699. What is the remainder when n is divided by 38?
28
Let j = -930 + 474. Let p = 644 + j. Calculate the remainder when p is divided by 19.
17
Suppose 11*h + 46*h - 183048 = -59*h. Calculate the remainder when h is divided by 31.
28
Let l = -20258 + 38562. Calculate the remainder when l is divided by 18.
16
Suppose 5*n = 11*b + 33 + 199, -50 = -n + b. Calculate the remainder when n is divided by 12.
5
Let z = 15808 - 15234. What is the remainder when 583 is divided by z?
9
Let g = 39 + -11. Let v = g - 35. Calculate the remainder when -1 + 52 + (v - -6) is divided by 18.
14
Suppose 2 = 2*h, -5*h + 17 = 19*n - 17*n. Let u(d) = d**2 + 2*d - 8. Calculate the remainder when u(7) is divided by n.
1
Let l(x) be the third derivative of -x**5/4 + x**4/24 - x**3/6 - 16*x**2. Let n be l(1). Let p = n + 21. Calculate the remainder when 15 is divided by p.
3
Let q(m) = 7*m**2 + 8*m + 8. Let y = -31 - -27. Let i(h) = h**2 + h + 1. Let b(g) = y*i(g) + q(g). Calculate the remainder when b(-7) is divided by 18.
15
Calculate the remainder when (-1793025)/(-1755) - 2*1/(-6) is divided by 75.
47
Suppose -86*h + 112594 - 136230 = -504118. What is the remainder when h is divided by 18?
7
Let u = 0 - 0. Suppose u = 3*l - l - 14. Let w(k) = 172*k - 663. Calculate the remainder when w(4) is divided by l.
4
Let r = 5 + 0. Suppose -r*j - 194 = 66. Let q = -21 - j. Calculate the remainder when 58 is divided by q.
27
Suppose 2*x - 3*x - 5*x + 4152 = 0. What is the remainder when x is divided by 100?
92
Let c(r) = r**3 - 5*r**2 + 5*r + 11. Let w be c(5). Suppose 0 = -2*m - m + w. Calculate the remainder when 15 is divided by m.
3
Let v be 1 - 0/5 - 15 - -5. What is the remainder when 74 is divided by 214/80*5 - v/(-24)?
9
Let k = 250 + -235. Let p(y) = -y**3 - 3*y**2 - y + 1. Calculate the remainder when p(-4) is divided by 3/(-1) + k*30/50.
3
Let y be (1625/30)/13 - 1/6. What is the remainder when 151*(y/(-5) - (-117)/65) is divided by 38?
37
What is the remainder when 99/11*(0 + (-25)/(-3)) is divided by -3 + 755/25 + 3/(-15)?
21
Suppose 30*f = 35*f - 205. Suppose 1048 = -37*d + f*d. Calculate the remainder when d is divided by 4.
2
Suppose -4*k - 2*d = -208, -26*k = -29*k - 5*d + 170. Let s = -49 - -34. Calculate the remainder when k is divided by 0 - (s + -2)*1.
16
Suppose -72 = 580*x - 576*x. Calculate the remainder when 47 is divided by (-3)/(x/12) - (-62)/2.
14
Let s(q) = 3*q**2 - q + 4. Suppose -68*n = -11*n - 2736. Suppose n*k - 570 + 90 = 0. What is the remainder when s(3) is divided by k?
8
Suppose 23*f = 98*f + 20*f - 950. What is the remainder when f is divided by 9?
1
Suppose 15*o - 99 = -5*j + 12*o, 0 = -5*j + 4*o + 113. Let v = 295 - 217. What is the remainder when v is divided by j?
15
Suppose -5*f + 6 + 29 = 0. Suppose 0 = -14*t + f*t + 63. Calculate the remainder when 1 is divided by 3 + (3 - 0)*(-6)/t.
0
Let f be 22/(-99) + 40/18. Suppose 3*o - f*o = -32. Let u = o + 45. What is the remainder when 38 is divided by u?
12
Let i(p) = -p**3 - 5*p**2 + 4. Let r be i(-5). Calculate the remainder when 53 is divided by 37 - ((-3 - 0) + r).
17
Suppose 2*z - 4*c - 4 = 0, c + 4 = -0. Let j = z + 12. Suppose -2*t = 34101 - 34191. What is the remainder when t is divided by j?
3
Suppose -2*y = -4*u - 8, -y - 12 = -2*u - 4*y. Calculate the remainder when 69 is divided by 2 + u + 22 + 1.
19
Suppose -2 - 3 = x + 3*k, -x - 4*k - 7 = 0. Suppose f = 4*t + 8, 2*f - 35 + x = 2*t. What is the remainder when 79 is divided by f?
19
Let c(l) = 9*l - 5607*l**2 - 65 + 23*l + 5605*l**2. Calculate the remainder when 17 is divided by c(13).
4
Let b be -3*((-498)/9 - 1). Suppose 668 = 31*a - b. Suppose -4*m + 106 = -2*m. What is the remainder when m is divided by a?
26
Suppose -172*q = 1364 - 16156. Let l = 52 - 34. What is the remainder when q is divided by l?
14
Suppose -3*n = -5*d - 202 - 167, 2*n - 5*d = 251. Suppose 19 = w + 4. Suppose -598 = -w*v - n. Calculate the remainder when 191 is divided by v.
31
Let o = 24 - -12. Calculate the remainder when 11 is divided by 0 - ((-6)/9)/(8/o).
2
Suppose 4*f + 58 = 2. Let b(q) = -2*q - 23. Let p be b(f). Suppose 6 = -y - 3*n, 2*n - 60 = -p*y + 5*n. What is the remainder when 33 is divided by y?
6
Suppose -3*h - 4*g = -1444, -47*h + 45*h + 4*g + 936 = 0. What is the remainder when h is divided by 158?
2
Let g be -2*11/(154/(-21)). Suppose 5*n + 137 = -17*x + 20*x, g*x - n = 121. What is the remainder when 154 is divided by x?
37
Suppose 4*b + 2*n - 43 = 185, -2*n = -2*b + 114. Let p = -841 + 1408. Calculate the remainder when p is divided by b.
54
Calculate the remainder when (1531/(-36) - (688/(-144) + 5))*-8 is divided by 12.
6
Let a = -40 - -44. Let f be a/(-3)*(-138)/4. Suppose 0 = -3*u - d + f, u + 0 = 5*d + 10. What is the remainder when u is divided by 5?
0
Let n be (-2)/(-7) - 19/(-7). Let y = 2298 - 2289. Suppose -9 = 2*u - n*u + 4*x, 0 = -u + x + y. Calculate the remainder when 15 is divided by u.
6
Let g = -31 - -34. Suppose 4*r + g + 9 = 0. Calculate the remainder when (-1 - 8*3)*r/5 is divided by 8.
7
Let h(f) = 2*f - 1 + 7 + 0*f**3 + 132*f**2 - 131*f**2 + f**3. What is the remainder when h(4) is divided by 51?
43
Suppose 15*r = 16*r. Suppose -4*o - g - 10 + 77 = r, -g = 3*o - 50. What is the remainder when 43 is divided by o?
9
Suppose -18*d = -15*d - 9. Suppose 0*s - 174 = -2*s - 3*t, 0 = -5*s - d*t + 426. Calculate the remainder when s is divided by (-2)/(-4) + 1 + 41/2.
18
Suppose -4*s = 3*d + 87, -55 - 10 = 2*d + 5*s. Let n = -12 + 20. What is the remainder when d/3 - -8 - 46/(-3) is divided by n?
7
Let n(i) = i**3 - 5*i**2 - 13*i + 7. Let g = -25 + 28. Let c(k) = k**2 + k - 4. Calculate the remainder when n(7) is divided by c(g).
6
Suppose -2*p = -7 - 1. Let i(j) = j**3 - 2*j**2 - 8*j. Let g be i(p). Suppose 4*q - 16 - 24 = g. Calculate the remainder when 59 is divided by q.
9
Let k = 188 + -112. Suppose 69*r - k*r = -287. What is the remainder when 241 is divided by r?
36
What is the remainder when 439 is divided by (24/(-14))/((-609)/14210)?
39
Let w be (4*-7 - 3)*1 + -4. What is the remainder when 10 is divided by (22/(-5) - 14/w)*-2?
2
Let s = 1964 + -1900. Suppose -j - 21 = -4*j. Suppose 2*g = 4*q - j + 41, 4*g = 4*q + 60. What is the remainder when s is divided by g?
12
Let q be (6/21)/((-2)/(-182)). Let a = q - 23. Let s(c) = c**2 + 7. What is the remainder when 31 is divided by s(a)?
15
Let a = 11274 + -11234. Calculate the remainder when 1557 is divided by a.
37
Let u = 3677 + -3561. What is the remainder when u is divided by 46?
24
Let s = -373 - -380. Let y = 32 - s. Calculate the remainder when y is divided by 6.
1
Calculate the remainder when 10527 is divided by 7 - ((-7336)/126 + 0) - (-4)/(-18).
62
Suppose -68*k = 100*k - 32760. Calculate the remainder when k is divided by 39.
0
Suppose 12 = -4*p, -o + 2*p = p - 39. What is the remainder when 1*-129*-21*42/1323 is divided by o?
14
Let t(k) = 3*k - 25. Let j be t(10). Suppose j*l = -4*l + 27. Let u = -81 - -100. Calculate the remainder when u is divided by l.
1
Suppose g - 40 = 3*g. Let w = -14 + 19. Calculate the remainder when w is divided by ((-9)/6)/(15/g).
1
Let y = -7200 + 7323. Calculate the remainder when 1595 is divided by y.
119
Let o = 1654 - 1511. What is the remainder when o is divided by 48?
47
Let j = -25863 - -26689. Calculate the remainder when j is divided by 290.
246
Let u(g) = 561*g**3 + 4*g**2 - 6*g. Calculate the remainder when u(1) is divided by 140.
139
Let d be (-102)/14 - (-50)/175. Let w(q) = 2*q**2 + 10*q + 6. Calculate the remainder when 93 is divided by w(d).
25
Let j(o) = 4*o**2 + 21*o + 25. Suppose 5*d + 5*k - 9 = 56, -9 = -3*d + 3*k. What is the remainder when j(-4) is divided by (d/6)/(3/9)?
1
Suppose 0 = -4*n + 2*f + 281996, -5*n + 5*f + 0*f + 352505 = 0. Calculate the remainder when n/231 + 2/(-11) is divided by 28.
25
Let b(s) = -s**2 + s - 18. Let g be b(-16). Let l = g + 331. What is the remainder when 241 is divided by l?
36
Suppose 6*i - 3*h = i - 674, -3*i + 4*